- 1/(-3)) + 3/(-9). What are the prime factors of (-4)/3*(348/(-8) + p)?
2, 31
Let a = 11881 + 42744. List the prime factors of a.
5, 19, 23
Let c(x) = x**3 - 38*x**2 + 222*x + 17. List the prime factors of c(50).
41117
Suppose 5*d - 45125 = -10*s, 0 = 2*d - 7*d + 2*s + 45029. List the prime factors of d.
3, 7, 11, 13
Let k = 755 - 499. Suppose h - k = -h. Suppose h = 4*o - 36. What are the prime factors of o?
41
Let v(w) = 22*w**2 - 18*w - 58. Let f be -2 + (6 - 32/4). What are the prime factors of v(f)?
2, 3, 61
Let s be (-30)/9*-12*(-1)/(-2). Let r(z) = -z**3 + 18*z**2 + 72*z - 10. List the prime factors of r(s).
2, 3, 5, 7
Suppose 14*u = 94*u + 57*u - 1173268. List the prime factors of u.
2, 2141
Suppose y + 75*j - 100 = 80*j, -5*y + 385 = -2*j. Suppose -y*i + 68*i = -8687. List the prime factors of i.
17, 73
List the prime factors of ((-1518384)/(-35))/6 - 18/45.
2, 3, 5, 241
Suppose -5*s - 2*o + 1644 = 0, 4*s + o - 772 = 542. Suppose 0 = 14*x - s - 4824. What are the prime factors of x?
2, 23
Let u(g) = -g**3 - 3*g - 2. Let t be u(-5). Let b be (4 + (1 - (-20)/(-25)))/(96/640). What are the prime factors of (-3 + 0 + b)*t/15?
2, 5, 23
Let q(v) = -2*v**3 - 3*v**2 + 10*v + 2. Let z be q(-4). Suppose 18 = 6*d - z. List the prime factors of d/(-5)*(-3 + -1).
2
Let w(c) = c**2 - c - 1. Let q be w(3). Suppose -q*y + 6*y = 0. Let r(h) = -h**3 + 3*h + 77. What are the prime factors of r(y)?
7, 11
Suppose -5*r - 3668 = -6*r. Suppose -r = 25*s - 27*s. List the prime factors of s/21 + (-8)/6.
2, 43
Let a be (-2 - -3)*(-176 - -9)*-4. Let w = 1608 - a. List the prime factors of w.
2, 5, 47
Let g(j) = -47 - 9*j + 4*j - 3 - 16. Let o be g(0). Let a = 117 + o. List the prime factors of a.
3, 17
List the prime factors of 56/(-48) + 756558/108.
2, 17, 103
Let g = -600 - -596. List the prime factors of (g/(-12))/(5/13995).
3, 311
Suppose -3*f + 137069 = 2*x, -2*f - 70*x = -73*x - 91375. List the prime factors of f.
7, 61, 107
Let p = -72 + 63. Let l(k) = -k**2 - 9*k + 2. Let s be l(p). List the prime factors of (15/s)/(5 - (-141)/(-30)).
5
Let a(r) = 2*r**2 + 3*r - 4. Suppose 18*n - 17*n = 4. Suppose n*s + 20 = -i, 2*i + 10 = -2*s + 5*i. List the prime factors of a(s).
31
Let k = -8329 + 12742. What are the prime factors of k?
3, 1471
Let r(h) be the third derivative of 0 + 10*h**2 - 15/2*h**3 + 0*h - 49/24*h**4. List the prime factors of r(-6).
3, 83
Let r = -27 + 34. Suppose -89 - 23 = -r*v. Let a = 19 - v. What are the prime factors of a?
3
Suppose 25 = 4*n + 3*r + 8, 2*r - 4 = n. Suppose 0 = n*b + 5*a - 386, -3*b + 5*b - 382 = -4*a. Suppose -b*u + 185*u - 450 = 0. What are the prime factors of u?
3, 5
Suppose 0 = -2*i - 2*d + 10, 2*d + 0*d - 10 = 2*i. Suppose 11 + i = v + b, 2*v - 4*b - 34 = 0. What are the prime factors of v?
13
What are the prime factors of ((-2034)/(-8))/((-10)/(-40))?
3, 113
Suppose 597 = -4*i - 3*q, -4*i + 0*i = 2*q + 602. What are the prime factors of (-2)/(-9) + (-65144)/i?
2, 3, 71
Suppose 166*t - 3034139 = 8*t + 3974425. What are the prime factors of t?
2, 3, 7393
Let g = 192427 - 131836. What are the prime factors of g?
3, 19, 1063
Let k(p) = -4*p + 24. Let i(y) = 5*y - 23. Let t(l) = 6*i(l) + 7*k(l). Let r be t(-18). Let a(m) = 5*m**2 - 8*m - 5. List the prime factors of a(r).
223
Suppose 85925 = c + 6*c. Suppose -c - 15216 = -37*h. List the prime factors of h.
743
Suppose 202*z - 241668 = -15*z + 258083. List the prime factors of z.
7, 47
Let x = 3258 - -552. List the prime factors of x.
2, 3, 5, 127
Suppose -18*r + 33*r + 45 = 0. What are the prime factors of -21*r*(-28)/(-21)?
2, 3, 7
Let y(w) = -360*w**3 + w**2 + w - 1. Let k be 0/(-2) + -3 + 2. List the prime factors of y(k).
359
Let y(f) = 28*f**3 - 14*f**2 + 53*f - 20. List the prime factors of y(7).
13, 23, 31
Let f(b) = -b**3 - 5*b**2 - 6*b - 7. Let o be f(-4). Let d(s) = 11 + 0*s + 10*s + o + 0*s. List the prime factors of d(7).
2, 41
Let g be 5/3 - 45/(-135). Suppose 4*u - u - 812 = -q, 2*q = -g. List the prime factors of u.
271
Let p(w) = -w**2 + 11*w + 10869. List the prime factors of p(0).
3, 3623
What are the prime factors of (700563/(-11))/(-3) - 292/1606?
13, 23, 71
Let j = 617 + 1387. Let s = j - 1020. List the prime factors of s.
2, 3, 41
Let i(y) = 13*y**3 - y**2 + 14*y - 10. Let o(s) = 15*s**3 - s**2 + 14*s - 10. Let u(l) = -7*i(l) + 6*o(l). List the prime factors of u(-10).
2, 5
Suppose -3 = -2*y + 3*w - 42, 0 = -3*y - 5*w - 49. Let s be y/(-4)*9/(27/438). List the prime factors of (1/3)/(3/s).
73
Let f be (30/(-9))/(18/(-297)). Suppose 209 + f = 4*b. What are the prime factors of b?
2, 3, 11
List the prime factors of (-57976)/(-28) + 20/(-35).
2, 3, 5, 23
Suppose 72*i + 9326 = -39168 + 752078. List the prime factors of i.
2, 7, 349
Let m(v) = 207*v - 1040. List the prime factors of m(19).
11, 263
Suppose 3*t - 3*f = 9102, 3*t + 2*t - f = 15158. List the prime factors of t.
7, 433
Suppose 7*v - 5944 + 1261 = 0. Let f = v - 967. Let n = -174 - f. List the prime factors of n.
2, 31
Let a = -8483 - -8475. Let y(q) = -22*q + 0*q + 7 + 1. What are the prime factors of y(a)?
2, 23
Let w = -34 - -49. Suppose -w = -2*f - 3*f. Suppose k = f*v + 113, -k + 291 = 2*k + 3*v. List the prime factors of k.
101
Let n = -3607 + 5271. Suppose -n = -4*s - 3*j, 1815 = 3*s - 5*j + 596. What are the prime factors of s?
7, 59
Let u be 4041/18*-58 - -1. List the prime factors of (u/(-240))/(1/8).
2, 7, 31
Suppose 0 = 102*l - 61*l - 75522. List the prime factors of l.
2, 3, 307
Let q be 3*(-2)/(-12)*-34. Let l(s) = -24*s**2 + 173*s**3 - 349*s**3 + 3*s + 174*s**3 - 8*s**2 - 16 + 17*s. What are the prime factors of l(q)?
2, 3, 37
Suppose 0 = -j - 4, 3*n + 94 = j - 94. List the prime factors of ((-403)/(-52))/((-4)/n).
2, 31
Let d(f) = -138*f**3 + f**2 - 1. Let k be d(-1). Let h = k + 100. List the prime factors of h.
2, 7, 17
Suppose 188*a - 106*a = 943410. List the prime factors of a.
3, 5, 13, 59
Suppose 318058 = 114*j - 538652. List the prime factors of j.
3, 5, 167
Let t be 1 + 1 - (2 + 12 + -16). Suppose 5*p = -g - t*g + 2395, p - 5*g - 455 = 0. List the prime factors of p.
5, 19
Let p be ((-4)/(-6))/(14/(-21)). Let m = p - -4. Suppose m*f = 11*f - 392. What are the prime factors of f?
7
Let h(d) = -10*d + 11. Let k be h(3). Let c = k + 275. What are the prime factors of c?
2
Let l(f) = -156 - 6*f - 4*f + 3*f - 11*f - 14*f. What are the prime factors of l(-8)?
2, 5
Let i(d) = d**3 - 65*d**2 + 21*d + 8. List the prime factors of i(66).
2, 5, 23
Let i = -371 - -375. Suppose 4872 = i*p - 612. What are the prime factors of p?
3, 457
Let a(c) = c**3 + c**2 + 2*c + 2. Let b be a(0). Suppose -h + 3*f - 4*f = -515, -2*f - 1050 = -b*h. List the prime factors of h.
2, 5, 13
Suppose -6*t = -4*t + 4*l + 26, -30 = 4*t - 3*l. Let f(z) = z**3 + 8*z**2 - 10*z. List the prime factors of f(t).
3
Let z(n) = 3*n**2 - 8*n + 1. Let c be z(3). Suppose 0 = 5*k + 5*x - 1070, -c*k = x - 656 - 215. What are the prime factors of k?
3, 73
Let x = -45 + 278. Let f(m) = 3*m**2 + 10*m + 19. Let i be f(-8). Let p = x - i. What are the prime factors of p?
2, 3, 17
Let b = 77 + -65. Let n(d) = d**2 - 11*d - 6. Let u be n(b). List the prime factors of u/15 - 796/(-10).
2, 5
Let d(b) = -b. Let g be d(-2). Suppose -11*s = h - 15 - 27, -18 = -4*s + h. Suppose -w - 25 = 4*w, s*p - g*w - 334 = 0. List the prime factors of p.
3
Let x = -22 - -307. Suppose -1589 = -4*t - x. List the prime factors of t.
2, 163
Let p(v) = 108*v - 103. Let h be p(15). Let s = h - 958. What are the prime factors of s?
13, 43
Let b(z) = -30*z - 92. Let h be b(-16). Suppose 81 = -a + h. What are the prime factors of a?
307
List the prime factors of (-16799)/107*(8/(-2) + -2).
2, 3, 157
Let p be 48/4*(-1)/(-3) + 1. Suppose 418 = 5*h - h + 5*a, -4*a = -p*h + 543. What are the prime factors of h?
107
Let f = 1300 + 11676. Suppose 68*j - f = 52*j. List the prime factors of j.
811
Let l(u) = -u**3 - 3 + 4 - u + 3*u**2 - 2. Let t = 515 - 518. List the prime factors of l(t).
2, 7
Let m = 485 - 485. Suppose -183 = 4*p - 2*z - 2365, -2*p + 3*z + 1085 = m. List the prime factors of p.
547
Suppose -23*f = 92396 - 349145. What are the prime factors of f?
3, 61
Let m(f) = -f**3 - 3*f**2 - 3*f - 4. Let o be m(-2). Let u be -14 - (0 + 6/o)/(-3). What